2 - 2*u + 4*u. What are the prime factors of m(4)?
2, 5
Let m be -3*((-12)/(-9))/(-2). Suppose 2 = m*p - 28. Suppose 5 = 4*b - p. What are the prime factors of b?
5
Let i(k) = -42*k + 4. List the prime factors of i(-11).
2, 233
Suppose 4*n = -16, -5*i + 25 = -4*n - 31. Suppose -i*m + 4*m + 8 = 0. List the prime factors of m.
2
Suppose -l - 98 = -3*l - 2*w, 3*l = -w + 155. List the prime factors of l.
53
Suppose -2*x + 298 = s, -10 = -9*s + 4*s. Suppose -2*z - x = -6*z. List the prime factors of z.
37
What are the prime factors of (-1)/(-5) - (-3648)/60?
61
Let k(n) = -n**3 + 4*n**2 + 5*n - 1. Let g be k(5). Let v = g - -7. What are the prime factors of v?
2, 3
Let y(c) = -1 - 1 - c**3 + 0*c**3 + 5 + c. List the prime factors of y(0).
3
Let s = -2 - -8. Suppose 0 = -5*c - 8 + 3. Let y = s + c. What are the prime factors of y?
5
Suppose -5*j + 0*m - 4*m = -50, 3*j - 2*m - 8 = 0. Suppose -3*r + 4 = -k, j = 3*k + 5*r - 24. Suppose 0*w + k*w = 30. What are the prime factors of w?
2, 3
Suppose -20 = -c + 43. List the prime factors of c.
3, 7
Let q(i) = i**3 + 7*i**2 + 4*i - 1. Let w = -5 + -1. What are the prime factors of q(w)?
11
List the prime factors of (-1143)/(-3) + 0 + (-2)/(-2).
2, 191
Let f(z) = z**2 + 4*z + 8. Let b(o) = -o**3 + 8*o**2 - 7. Let d be b(8). List the prime factors of f(d).
29
Suppose -3*i - 4*y - 59 = 0, 54 = -3*i - 0*y - 3*y. Let o = i - -6. Let d = o + 18. List the prime factors of d.
11
Let h = 5 - 3. Suppose -114 = 4*i - h*d, 5*i - d = 3*d - 141. Let a = i + 52. List the prime factors of a.
23
Let t = 30 - 4. List the prime factors of t.
2, 13
Suppose 1022 = -10*d + 17*d. List the prime factors of d.
2, 73
Suppose d + 0*d = 160. Suppose -k = 4*k + w - d, -4*w + 46 = 2*k. What are the prime factors of k?
3, 11
Let q = 55 + 66. List the prime factors of q.
11
Suppose 0*j = -2*j + 4. Suppose 2*w = -j*w + 8. Suppose l = -l - w*h + 24, 5*h = -l + 24. List the prime factors of l.
3
Let k = 13 - 2. Let z = 18 - k. What are the prime factors of z?
7
Let p(m) = -25*m + 9. List the prime factors of p(-3).
2, 3, 7
Let r(s) = -4*s - 1. List the prime factors of r(-5).
19
Let p be -1*(-5)/(-1 + 0). Let n(q) = -3 - 4*q - 4*q**2 - 2*q - q**3 + 4*q + 4*q. List the prime factors of n(p).
2, 3
Let d(u) = u**3 - 7*u**2 - 7*u + 6. Let v be d(8). Let j = 6 + v. What are the prime factors of j?
2, 5
Let k(l) = -l**2 + 2*l + 8. Let c be k(6). Let p = c + 50. Suppose 2*i = 3*f - p, 2*f = f + i + 12. What are the prime factors of f?
2, 5
Suppose -3*p + 15 = -4*z, -5*p + 25 = z + z. Suppose -5*k = -a + p, 2*k = 3*k + 1. List the prime factors of (-6)/(-3) + 7 + a.
3
Suppose 3*x - 7*x + 20 = 0. Suppose -x*o - 113 = -13. What are the prime factors of (-3 + 0)/(6/o)?
2, 5
Suppose 0 = -5*n + 4*n - 4*x, -n + 4*x = 0. Let o be 2*1/2*n. Suppose 2*p + 10 = o, -l - p = l - 7. What are the prime factors of l?
2, 3
Suppose c + 14 = 4. Suppose -3051 = -4*v + 3*j - 1026, 5*v - 2526 = 2*j. What are the prime factors of v/40 - (-6)/c?
2, 3
Let f(p) be the first derivative of -3*p**4/2 + p**3/3 + p**2/2 + p + 2. Suppose -3 = 5*c + 2. List the prime factors of f(c).
7
Suppose -3*u + 4*u = 25. Let c = 43 - u. What are the prime factors of c?
2, 3
Let p be (-1 + 3)/(3/(-6)). List the prime factors of ((-6)/2)/(6/p).
2
Let g = -115 + 168. List the prime factors of g.
53
Suppose 2*g = 3*g - 2*s - 58, 2*g - 88 = -3*s. What are the prime factors of g?
2, 5
Let f be 5/40 - 2146/16. Let c = -87 - f. What are the prime factors of c?
47
Let j be 9/(-18) - (-342)/4. Suppose 43 = 3*p - 0*r - r, -5*p + j = -5*r. List the prime factors of p.
13
Let x(p) = 11*p - 1. List the prime factors of x(1).
2, 5
Let l be 84/22 - (-2)/11. Let u = 1 + l. Suppose u*i = 1 + 19. What are the prime factors of i?
2
Suppose 0 = 2*g + 3*g - 375. Suppose -4*r - g = -5*u, u + r - 2 = 13. What are the prime factors of u?
3, 5
Let v(f) = -5*f + 35. List the prime factors of v(-12).
5, 19
Suppose -l - l - 52 = -4*a, -4*l = 16. What are the prime factors of a?
11
Let r(y) be the third derivative of y**6/120 + 3*y**5/20 + y**3/2 - y**2. Let o be (9/2)/((-10)/20). List the prime factors of r(o).
3
Suppose -81 = 5*u + 3*q, -3*u - 29 = 2*q + 19. Let a be 446/u - 8/36. List the prime factors of 15/a*5/(-1).
3
Suppose 0*w = -3*w + 132. What are the prime factors of w?
2, 11
Suppose b - 2*m - 4 = 0, -b + 5*m + 4 = m. Suppose 2*u + 84 = 4*y, 4*y + b*u = -y + 79. What are the prime factors of y?
19
Suppose 2*u - 8 = 4*p, 0 = 3*p - 4*u + 5*u + 6. What are the prime factors of p + -2*132/(-8)?
31
Suppose 3 - 5 = -n. List the prime factors of 3*-4*(0 - n).
2, 3
Let y be (-1)/((-12)/8 - -2). What are the prime factors of -3*1/(1/y)?
2, 3
Let i = -207 - -363. List the prime factors of i.
2, 3, 13
Let t = 8 - 6. Let s(a) = a**3 + a**2 + 3*a - 3. List the prime factors of s(t).
3, 5
Let w(k) be the first derivative of k**5/6 - k**4/24 - k**3/6 - 2*k**2 + 4. Let d(x) be the second derivative of w(x). List the prime factors of d(-1).
2, 5
Suppose -4*z = -a - 2*z + 7, 2*z = -4*a + 8. Suppose 2*q + 2 = r + 5, q + r - a = 0. Suppose q*x - 14 = -0*x. What are the prime factors of x?
7
Suppose 4*s = -3*h + 317, -2*s + 6 = -4. List the prime factors of h.
3, 11
Suppose 9 = 4*h + 21. Let j = h + 7. List the prime factors of j.
2
Let a = 1 + 2. Suppose -a*g + 36 = g. What are the prime factors of g?
3
Suppose -2*w = -154 - 54. What are the prime factors of w?
2, 13
Suppose 0 = 12*x - 16*x + 24. What are the prime factors of x?
2, 3
Let a(t) = t. Let s be a(4). What are the prime factors of 50/4 + 2/s?
13
Suppose 2*p = -2*t - 2*p + 18, 5*t + 4*p = 33. Suppose -55 = -t*k - 10. What are the prime factors of k?
3
Let n(c) = -c**2 - 11*c - 14. Let k be n(-10). Let z be 111/21 + k/14. Suppose 0 = -4*w + z*w - 7. List the prime factors of w.
7
What are the prime factors of -3 - (-46 + -4 + 2)?
3, 5
Suppose 10 = 3*i - 14. What are the prime factors of i?
2
Let h = 25 - 18. What are the prime factors of h?
7
Suppose 4*f - 60 = -f. Suppose n = 4*a + 35, 0 = -3*n - 2*a + f + 37. List the prime factors of n.
19
Let c be ((-60)/(-8))/((-2)/(-4)). Suppose -4*h + 16 = y, h - 4*y - c = 6. List the prime factors of h.
5
What are the prime factors of (1/(-3))/(10/(-1170))?
3, 13
Suppose -t = -5*i + t, -4*i - 28 = 4*t. Let x(u) = u**3 + 4*u**2 + 4*u + 3. Let g be x(i). Suppose -g*d = -3, 49 = 5*c + 4*d - 40. List the prime factors of c.
17
Let q(j) = j**2 + 3*j + 2. Let h(f) = -3*f**3 - 1. Let z be h(1). List the prime factors of q(z).
2, 3
Let v be 16/9 - (-12)/54. Suppose 5*a - 191 = -v*p, 2*a - 86 = -p - 3*p. What are the prime factors of a?
37
Suppose 15 = d + 55. What are the prime factors of 4/10 + (-904)/d?
23
Suppose 0 = 4*y - 0*y - 5*k - 21, 4*k = 5*y - 24. Let a(w) = w**3 - 4*w**2 + 3*w - 3. What are the prime factors of a(y)?
3
Let g = 8 - 11. Let u = g - -8. Suppose 0 = 5*p + 2*k - 36, 4 - 6 = p + u*k. What are the prime factors of p?
2
Let c(p) = -4*p - 3. Suppose 4 - 14 = 5*f. What are the prime factors of c(f)?
5
Suppose 2*l = 3*b - 79, -4*b - 2*l + 3*l + 107 = 0. Suppose 1 = j - b. What are the prime factors of j?
2, 7
Suppose 8*u + 474 = 11*u. What are the prime factors of u?
2, 79
Let f = 97 + 77. List the prime factors of f.
2, 3, 29
Let l(j) = j**2 + 2*j + 1. Let n be l(-2). Suppose 6 = h + n. List the prime factors of h.
5
Let x(r) = -r + 17. Let f = -4 - -8. Suppose f*d = -d. List the prime factors of x(d).
17
Suppose -12*a = -16*a + 476. What are the prime factors of a?
7, 17
Suppose 18*l = 10*l - 184. Let y(z) = z**2 + 5*z - 2. Let q be y(4). Let c = l + q. List the prime factors of c.
11
Suppose 12*p - 36 = 6*p. List the prime factors of p.
2, 3
Let w(c) = 20*c**2 + 6*c - 10. List the prime factors of w(2).
2, 41
Suppose 3 = 2*w + 11, 4*w = 2*o - 26. Suppose 3*x + o*y - 116 = 0, 2*x + 0*y = -2*y + 80. What are the prime factors of x?
2, 3, 7
Suppose 0 = -c - c + 6. Suppose -4*h = q - 0*h - 50, -c*h = -6. List the prime factors of q.
2, 3, 7
Let r(o) = o**2 - 4*o - 2. Let b be r(5). Let f(m) = -m + 6. List the prime factors of f(b).
3
Let m = -126 - -187. List the prime factors of m.
61
What are the prime factors of (-1192)/(-26) + 14/91?
2, 23
Suppose z - 5*j - 3 = -4*j, -30 = -4*z - 5*j. Suppose 2*h = -2*k + 50, -z*k